divided by 120.
4
Calculate the remainder when 352 is divided by 25.
2
Calculate the remainder when 34290 is divided by 69.
66
What is the remainder when 78377 is divided by 598?
39
What is the remainder when 3800 is divided by 631?
14
What is the remainder when 84845 is divided by 28280?
5
What is the remainder when 8847 is divided by 2892?
171
What is the remainder when 64149 is divided by 3771?
42
What is the remainder when 393737 is divided by 92?
69
Calculate the remainder when 2260 is divided by 1579.
681
What is the remainder when 71897 is divided by 8987?
1
What is the remainder when 135677 is divided by 8?
5
What is the remainder when 3400097 is divided by 10?
7
What is the remainder when 75264 is divided by 382?
10
Calculate the remainder when 470363 is divided by 265.
253
Calculate the remainder when 1320029 is divided by 12.
5
What is the remainder when 3530 is divided by 1709?
112
What is the remainder when 219064 is divided by 219051?
13
Calculate the remainder when 1399 is divided by 58.
7
Calculate the remainder when 69839 is divided by 17452.
31
Calculate the remainder when 133917 is divided by 33467.
49
What is the remainder when 320 is divided by 75?
20
Calculate the remainder when 82020 is divided by 4823.
29
Calculate the remainder when 131158 is divided by 122.
8
Calculate the remainder when 1009 is divided by 211.
165
What is the remainder when 7449 is divided by 853?
625
Calculate the remainder when 6910 is divided by 57.
13
What is the remainder when 12085 is divided by 2388?
145
What is the remainder when 12220 is divided by 2453?
2408
What is the remainder when 250696 is divided by 265?
6
What is the remainder when 1594 is divided by 168?
82
Calculate the remainder when 12994 is divided by 194.
190
Calculate the remainder when 26805 is divided by 8934.
3
What is the remainder when 19792 is divided by 50?
42
What is the remainder when 33798 is divided by 11265?
3
What is the remainder when 132058 is divided by 33010?
18
What is the remainder when 6483 is divided by 725?
683
Calculate the remainder when 119904 is divided by 52.
44
What is the remainder when 3351 is divided by 551?
45
Calculate the remainder when 1078924 is divided by 25.
24
What is the remainder when 8143 is divided by 8?
7
What is the remainder when 7332 is divided by 466?
342
Calculate the remainder when 38295 is divided by 51.
45
What is the remainder when 124896 is divided by 54?
48
Calculate the remainder when 636 is divided by 395.
241
Calculate the remainder when 39650 is divided by 72.
50
Calculate the remainder when 33205 is divided by 25.
5
What is the remainder when 3398 is divided by 566?
2
What is the remainder when 5132 is divided by 1522?
566
Calculate the remainder when 126204 is divided by 256.
252
Calculate the remainder when 750760 is divided by 3.
1
Calculate the remainder when 181692 is divided by 179.
7
What is the remainder when 335985 is divided by 14?
13
Calculate the remainder when 6359 is divided by 92.
11
What is the remainder when 141627 is divided by 4425?
27
What is the remainder when 2032 is divided by 35?
2
Calculate the remainder when 1312 is divided by 23.
1
Calculate the remainder when 74321 is divided by 6751.
60
What is the remainder when 130044 is divided by 172?
12
What is the remainder when 380715 is divided by 405?
15
Calculate the remainder when 3282 is divided by 1087.
21
Calculate the remainder when 3888 is divided by 1262.
102
What is the remainder when 15837 is divided by 352?
349
What is the remainder when 395369 is divided by 411?
398
What is the remainder when 544548 is divided by 20168?
12
What is the remainder when 7651306 is divided by 79?
77
Calculate the remainder when 84921 is divided by 395.
391
What is the remainder when 2731 is divided by 2643?
88
Calculate the remainder when 6137 is divided by 256.
249
Calculate the remainder when 7640 is divided by 3289.
1062
Calculate the remainder when 16202 is divided by 593.
191
Calculate the remainder when 18410 is divided by 200.
10
What is the remainder when 4353 is divided by 2162?
29
What is the remainder when 470 is divided by 449?
21
What is the remainder when 211247 is divided by 63?
8
Calculate the remainder when 3916 is divided by 253.
121
Calculate the remainder when 9331 is divided by 212.
3
Calculate the remainder when 288479 is divided by 96146.
41
Calculate the remainder when 160516 is divided by 186.
184
What is the remainder when 5885 is divided by 1936?
77
Calculate the remainder when 34881 is divided by 6.
3
What is the remainder when 23788 is divided by 485?
23
What is the remainder when 1057 is divided by 518?
21
What is the remainder when 12783 is divided by 131?
76
Calculate the remainder when 1713 is divided by 799.
115
What is the remainder when 587209 is divided by 117441?
4
What is the remainder when 18215 is divided by 1315?
1120
What is the remainder when 16131 is divided by 96?
3
What is the remainder when 7449 is divided by 352?
57
Calculate the remainder when 80509 is divided by 936.
13
What is the remainder when 32441 is divided by 6483?
26
Calculate the remainder when 404 is divided by 15.
14
What is the remainder when 1818517 is divided by 299?
298
Calculate the remainder when 2331 is divided by 2315.
16
What is the remainder when 144815 is divided by 72401?
13
Calculate the remainder when 579 is divided by 21.
12
Calculate the remainder when 273544 is divided by 26.
24
What is the remainder when 2449 is divided by 357?
307
What is the remainder when 194246 is divided by 97116?
14
Calculate the remainder when 3473 is divided by 123.
29
Calculate the remainder when 403984 is divided by 127.
124
What is the remainder when 13925 is divided by 324?
317
Calculate the remainder when 19305 is divided by 10.
5
What is the remainder when 3279301 is divided by 369?
367
What is the remainder when 6729 is divided by 10?
9
What is the remainder when 38991 is divided by 201?
198
Calculate the remainder when 47051 is divided by 253.
246
What is the remainder when 33886 is divided by 177?
79
What is the remainder when 7360 is divided by 405?
70
Calculate the remainder when 9947 is divided by 753.
158
Calculate the remainder when 346079 is divided by 412.
411
Calculate the remainder when 331212 is divided by 874.
840
Calculate the remainder when 246333 is divided by 27370.
3
Calculate the remainder when 7955 is divided by 212.
111
Calculate the remainder when 60065 is divided by 30026.
13
What is the remainder when 51450 is divided by 7342?
56
Calculate the remainder when 15020 is divided by 4667.
1019
Calculate the remainder when 3770 is divided by 151.
146
What is the remainder when 54933 is divided by 192?
21
What is the remainder when 9764 is divided by 312?
92
What is the remainder when 663567 is divided by 55296?
15
Calculate the remainder when 4990 is divided by 1243.
18
What is the remainder when 86457 is divided by 715?
657
What is the remainder when 5707 is divided by 51?
46
What is the remainder when 216548 is divided by 811?
11
Calculate the remainder when 20116 is divided by 14.
12
Calculate the remainder when 152214 is divided by 35.
34
What is the remainder when 3307 is divided by 200?
107
Calculate the remainder when 276385 is divided by 2.
1
What is the remainder when 2082 is divided by 1354?
728
Calculate the remainder when 2148476 is divided by 640.
636
Calculate the remainder when 1473370 is divided by 187.
184
Calculate the remainder when 4062743 is divided by 504.
503
Calculate the remainder when 6249731 is divided by 9.
5
Calculate the remainder when 55335 is divided by 777.
168
What is the remainder when 870 is divided by 66?
12
Calculate the remainder when 2557 is divided by 461.
252
What is the remainder when 78371 is divided by 33?
29
What is the remainder when 102097 is divided by 22?
17
What is the remainder when 5784 is divided by 367?
279
Calculate the remainder when 1638 is divided by 788.
62
Calculate the remainder when 1293 is divided by 623.
47
What is the remainder when 12068 is divided by 754?
4
What is the remainder when 3455 is divided by 1149?
8
What is the remainder when 13654 is divided by 1044?
82
What is the remainder when 17131 is divided by 21?
16
Calculate the remainder when 13492 is di